[INFO] cloning repository https://github.com/CORDEA/gqr
[INFO] running `Command { std: "git" "-c" "credential.helper=" "-c" "credential.helper=/workspace/cargo-home/bin/git-credential-null" "clone" "--bare" "https://github.com/CORDEA/gqr" "/workspace/cache/git-repos/https%3A%2F%2Fgithub.com%2FCORDEA%2Fgqr", kill_on_drop: false }`
[INFO] [stderr] Cloning into bare repository '/workspace/cache/git-repos/https%3A%2F%2Fgithub.com%2FCORDEA%2Fgqr'...
[INFO] running `Command { std: "git" "rev-parse" "HEAD", kill_on_drop: false }`
[INFO] [stdout] ec0a7f3c7392861b443481c2b559916c2d55dd03
[INFO] checking CORDEA/gqr against master#9610dfe5a9a731ced1ea4923ecbd0c57fe367898 for beta-170-4
[INFO] running `Command { std: "git" "clone" "/workspace/cache/git-repos/https%3A%2F%2Fgithub.com%2FCORDEA%2Fgqr" "/workspace/builds/worker-7-tc1/source", kill_on_drop: false }`
[INFO] [stderr] Cloning into '/workspace/builds/worker-7-tc1/source'...
[INFO] [stderr] done.
[INFO] validating manifest of git repo https://github.com/CORDEA/gqr on toolchain 9610dfe5a9a731ced1ea4923ecbd0c57fe367898
[INFO] running `Command { std: CARGO_HOME="/workspace/cargo-home" RUSTUP_HOME="/workspace/rustup-home" "/workspace/cargo-home/bin/cargo" "+9610dfe5a9a731ced1ea4923ecbd0c57fe367898" "metadata" "--manifest-path" "Cargo.toml" "--no-deps", kill_on_drop: false }`
[INFO] started tweaking git repo https://github.com/CORDEA/gqr
[INFO] finished tweaking git repo https://github.com/CORDEA/gqr
[INFO] tweaked toml for git repo https://github.com/CORDEA/gqr written to /workspace/builds/worker-7-tc1/source/Cargo.toml
[INFO] crate git repo https://github.com/CORDEA/gqr already has a lockfile, it will not be regenerated
[INFO] running `Command { std: CARGO_HOME="/workspace/cargo-home" RUSTUP_HOME="/workspace/rustup-home" "/workspace/cargo-home/bin/cargo" "+9610dfe5a9a731ced1ea4923ecbd0c57fe367898" "fetch" "--manifest-path" "Cargo.toml", kill_on_drop: false }`
[INFO] [stderr]     Updating crates.io index
[INFO] [stderr]  Downloading crates ...
[INFO] [stderr]   Downloaded bytemuck v1.4.0
[INFO] [stderr]   Downloaded crossbeam-channel v0.4.3
[INFO] [stderr]   Downloaded image v0.23.9
[INFO] [stderr]   Downloaded reed-solomon v0.2.1
[INFO] running `Command { std: "docker" "create" "-v" "/var/lib/crater-agent-workspace/builds/worker-7-tc1/target:/opt/rustwide/target:rw,Z" "-v" "/var/lib/crater-agent-workspace/builds/worker-7-tc1/source:/opt/rustwide/workdir:ro,Z" "-v" "/var/lib/crater-agent-workspace/cargo-home:/opt/rustwide/cargo-home:ro,Z" "-v" "/var/lib/crater-agent-workspace/rustup-home:/opt/rustwide/rustup-home:ro,Z" "-e" "SOURCE_DIR=/opt/rustwide/workdir" "-e" "CARGO_TARGET_DIR=/opt/rustwide/target" "-e" "CARGO_HOME=/opt/rustwide/cargo-home" "-e" "RUSTUP_HOME=/opt/rustwide/rustup-home" "-w" "/opt/rustwide/workdir" "-m" "1610612736" "--user" "0:0" "--network" "none" "ghcr.io/rust-lang/crates-build-env/linux@sha256:19e73879b68f455e41552ea35293514db52ea292d993f571636dbffedb77a1ee" "/opt/rustwide/cargo-home/bin/cargo" "+9610dfe5a9a731ced1ea4923ecbd0c57fe367898" "metadata" "--no-deps" "--format-version=1", kill_on_drop: false }`
[INFO] [stdout] 92594106f2030f2f7bf559d51436960b173ab9b6cbfc5a28bf4aaca110fc8699
[INFO] running `Command { std: "docker" "start" "-a" "92594106f2030f2f7bf559d51436960b173ab9b6cbfc5a28bf4aaca110fc8699", kill_on_drop: false }`
[INFO] running `Command { std: "docker" "inspect" "92594106f2030f2f7bf559d51436960b173ab9b6cbfc5a28bf4aaca110fc8699", kill_on_drop: false }`
[INFO] running `Command { std: "docker" "rm" "-f" "92594106f2030f2f7bf559d51436960b173ab9b6cbfc5a28bf4aaca110fc8699", kill_on_drop: false }`
[INFO] [stdout] 92594106f2030f2f7bf559d51436960b173ab9b6cbfc5a28bf4aaca110fc8699
[INFO] running `Command { std: "docker" "create" "-v" "/var/lib/crater-agent-workspace/builds/worker-7-tc1/target:/opt/rustwide/target:rw,Z" "-v" "/var/lib/crater-agent-workspace/builds/worker-7-tc1/source:/opt/rustwide/workdir:ro,Z" "-v" "/var/lib/crater-agent-workspace/cargo-home:/opt/rustwide/cargo-home:ro,Z" "-v" "/var/lib/crater-agent-workspace/rustup-home:/opt/rustwide/rustup-home:ro,Z" "-e" "SOURCE_DIR=/opt/rustwide/workdir" "-e" "CARGO_TARGET_DIR=/opt/rustwide/target" "-e" "CARGO_INCREMENTAL=0" "-e" "RUST_BACKTRACE=full" "-e" "RUSTFLAGS=--cap-lints=forbid" "-e" "RUSTDOCFLAGS=--cap-lints=forbid" "-e" "CARGO_HOME=/opt/rustwide/cargo-home" "-e" "RUSTUP_HOME=/opt/rustwide/rustup-home" "-w" "/opt/rustwide/workdir" "-m" "1610612736" "--user" "0:0" "--network" "none" "ghcr.io/rust-lang/crates-build-env/linux@sha256:19e73879b68f455e41552ea35293514db52ea292d993f571636dbffedb77a1ee" "/opt/rustwide/cargo-home/bin/cargo" "+9610dfe5a9a731ced1ea4923ecbd0c57fe367898" "check" "--frozen" "--all" "--all-targets" "--message-format=json", kill_on_drop: false }`
[INFO] [stdout] 5c426fc97652288325855736cb48906fb827064f98ad8a4d9a437df352e2d582
[INFO] running `Command { std: "docker" "start" "-a" "5c426fc97652288325855736cb48906fb827064f98ad8a4d9a437df352e2d582", kill_on_drop: false }`
[INFO] [stderr]    Compiling libc v0.2.76
[INFO] [stderr]    Compiling num-traits v0.2.12
[INFO] [stderr]    Compiling crossbeam-utils v0.7.2
[INFO] [stderr]    Compiling num-integer v0.1.43
[INFO] [stderr]    Compiling memoffset v0.5.5
[INFO] [stderr]    Compiling crossbeam-epoch v0.8.2
[INFO] [stderr]    Compiling byteorder v1.3.4
[INFO] [stderr]    Compiling num-iter v0.1.41
[INFO] [stderr]    Compiling rayon-core v1.8.0
[INFO] [stderr]    Compiling num-bigint v0.3.0
[INFO] [stderr]     Checking either v1.6.0
[INFO] [stderr]    Compiling num-rational v0.3.0
[INFO] [stderr]    Compiling rayon v1.4.0
[INFO] [stderr]    Compiling crc32fast v1.2.0
[INFO] [stderr]     Checking crossbeam-channel v0.4.3
[INFO] [stderr]     Checking ppv-lite86 v0.2.9
[INFO] [stderr]     Checking lzw v0.10.0
[INFO] [stderr]    Compiling matrixmultiply v0.1.15
[INFO] [stderr]     Checking deflate v0.8.6
[INFO] [stderr]     Checking crossbeam-deque v0.7.3
[INFO] [stderr]     Checking getrandom v0.1.14
[INFO] [stderr]     Checking num_cpus v1.13.0
[INFO] [stderr]     Checking rawpointer v0.1.0
[INFO] [stderr]     Checking color_quant v1.0.1
[INFO] [stderr]     Checking rand_core v0.5.1
[INFO] [stderr]     Checking tiff v0.5.0
[INFO] [stderr]     Checking scoped_threadpool v0.1.9
[INFO] [stderr]     Checking custom_derive v0.1.7
[INFO] [stderr]     Checking png v0.16.7
[INFO] [stderr]     Checking gif v0.10.3
[INFO] [stderr]     Checking ab_glyph_rasterizer v0.1.2
[INFO] [stderr]     Checking bytemuck v1.4.0
[INFO] [stderr]     Checking num-complex v0.3.0
[INFO] [stderr]     Checking rand_chacha v0.2.2
[INFO] [stderr]     Checking rusttype v0.9.2
[INFO] [stderr]     Checking conv v0.3.3
[INFO] [stderr]     Checking rand v0.7.3
[INFO] [stderr]     Checking itertools v0.9.0
[INFO] [stderr]     Checking radium v0.3.0
[INFO] [stderr]     Checking num v0.1.42
[INFO] [stderr]     Checking rulinalg v0.4.2
[INFO] [stderr]     Checking bitvec v0.17.4
[INFO] [stderr]     Checking reed-solomon v0.2.1
[INFO] [stderr]     Checking rand_distr v0.2.2
[INFO] [stderr]     Checking num v0.3.0
[INFO] [stderr]     Checking jpeg-decoder v0.1.20
[INFO] [stderr]     Checking image v0.23.9
[INFO] [stderr]     Checking imageproc v0.21.0
[INFO] [stderr]     Checking gqr v0.1.0 (/opt/rustwide/workdir)
[INFO] [stdout] error[E0308]: mismatched types
[INFO] [stdout]   --> src/main.rs:20:27
[INFO] [stdout]    |
[INFO] [stdout] 20 |     let dot_size = SIZE / version.module();
[INFO] [stdout]    |                           ^^^^^^^^^^^^^^^^ expected `u32`, found `u16`
[INFO] [stdout] 
[INFO] [stdout] 
[INFO] [stdout] error[E0308]: mismatched types
[INFO] [stdout]   --> src/main.rs:20:27
[INFO] [stdout]    |
[INFO] [stdout] 20 |     let dot_size = SIZE / version.module();
[INFO] [stdout]    |                           ^^^^^^^^^^^^^^^^ expected `u32`, found `u16`
[INFO] [stdout] 
[INFO] [stdout] 
[INFO] [stdout] error[E0277]: cannot divide `u32` by `u16`
[INFO] [stdout]   --> src/main.rs:20:25
[INFO] [stdout]    |
[INFO] [stdout] 20 |     let dot_size = SIZE / version.module();
[INFO] [stdout]    |                         ^ no implementation for `u32 / u16`
[INFO] [stdout]    |
[INFO] [stdout]    = help: the trait `Div<u16>` is not implemented for `u32`
[INFO] [stdout]    = help: the following other types implement trait `Div<Rhs>`:
[INFO] [stdout]              <&'a u32 as Div<num_bigint::bigint::BigInt>>
[INFO] [stdout]              <&'a u32 as Div<num_bigint::biguint::BigUint>>
[INFO] [stdout]              <&'a u32 as Div<num_complex::Complex<u32>>>
[INFO] [stdout]              <&'a u32 as Div<u32>>
[INFO] [stdout]              <&'b u32 as Div<&'a num_bigint::bigint::BigInt>>
[INFO] [stdout]              <&'b u32 as Div<&'a num_bigint::biguint::BigUint>>
[INFO] [stdout]              <&'b u32 as Div<&'a num_complex::Complex<u32>>>
[INFO] [stdout]              <&u32 as Div<&u32>>
[INFO] [stdout]            and 9 others
[INFO] [stdout] 
[INFO] [stdout] 
[INFO] [stdout] error[E0277]: cannot divide `u32` by `u16`
[INFO] [stdout]   --> src/main.rs:20:25
[INFO] [stdout]    |
[INFO] [stdout] 20 |     let dot_size = SIZE / version.module();
[INFO] [stdout]    |                         ^ no implementation for `u32 / u16`
[INFO] [stdout]    |
[INFO] [stdout]    = help: the trait `Div<u16>` is not implemented for `u32`
[INFO] [stdout]    = help: the following other types implement trait `Div<Rhs>`:
[INFO] [stdout]              <&'a u32 as Div<num_bigint::bigint::BigInt>>
[INFO] [stdout]              <&'a u32 as Div<num_bigint::biguint::BigUint>>
[INFO] [stdout]              <&'a u32 as Div<num_complex::Complex<u32>>>
[INFO] [stdout]              <&'a u32 as Div<u32>>
[INFO] [stdout]              <&'b u32 as Div<&'a num_bigint::bigint::BigInt>>
[INFO] [stdout]              <&'b u32 as Div<&'a num_bigint::biguint::BigUint>>
[INFO] [stdout]              <&'b u32 as Div<&'a num_complex::Complex<u32>>>
[INFO] [stdout]              <&u32 as Div<&u32>>
[INFO] [stdout]            and 9 others
[INFO] [stdout] 
[INFO] [stdout] 
[INFO] [stdout] error: aborting due to 2 previous errors
[INFO] [stdout] 
[INFO] [stdout] 
[INFO] [stdout] Some errors have detailed explanations: E0277, E0308.
[INFO] [stdout] 
[INFO] [stdout] For more information about an error, try `rustc --explain E0277`.
[INFO] [stdout] 
[INFO] [stdout] error: aborting due to 2 previous errors
[INFO] [stdout] 
[INFO] [stdout] 
[INFO] [stdout] Some errors have detailed explanations: E0277, E0308.
[INFO] [stdout] 
[INFO] [stdout] For more information about an error, try `rustc --explain E0277`.
[INFO] [stdout] 
[INFO] [stderr] error: could not compile `gqr` (bin "gqr") due to 3 previous errors
[INFO] [stderr] warning: build failed, waiting for other jobs to finish...
[INFO] [stderr] error: could not compile `gqr` (bin "gqr" test) due to 3 previous errors
[INFO] running `Command { std: "docker" "inspect" "5c426fc97652288325855736cb48906fb827064f98ad8a4d9a437df352e2d582", kill_on_drop: false }`
[INFO] running `Command { std: "docker" "rm" "-f" "5c426fc97652288325855736cb48906fb827064f98ad8a4d9a437df352e2d582", kill_on_drop: false }`
[INFO] [stdout] 5c426fc97652288325855736cb48906fb827064f98ad8a4d9a437df352e2d582
